v) = -7*v + 53. What is h(9)?
-10
Let p(s) = s**3 - 4*s**2 + s - 2. Determine p(4).
2
Let u(s) = 9*s**2 + 2*s + 3. Determine u(-2).
35
Let f(d) = -d**2 - 5*d + 7. What is f(-6)?
1
Let y(n) = n**3 + n**2 - 7*n + 6. Determine y(4).
58
Let x(p) = p**3 - 4*p**2 + 8*p - 6. Determine x(3).
9
Let v(l) = -l**3 + 3*l**2 - 6*l + 5. Determine v(2).
-3
Let w(v) = 10*v - 1. Give w(6).
59
Let a(l) = -l + 9. What is a(0)?
9
Let g(s) = s**2 + 5*s - 7. What is g(-9)?
29
Let q(t) = 6*t**3 - t**2 + 1. Calculate q(1).
6
Let u(m) = -m**2 + 36*m - 196. Give u(31).
-41
Let m(p) = -3*p - 20. What is m(-6)?
-2
Let m(i) = i**3 + 3*i**2 + 2*i + 16. What is m(-3)?
10
Let q(y) = -122*y + 979. Give q(8).
3
Let z(q) = -2*q - 32. What is z(-14)?
-4
Let u(v) = -v**3 + 11*v**2 - 16*v + 37. What is u(11)?
-139
Let z(u) = 2*u**3 + 37*u**2 + 17*u - 25. Give z(-18).
-7
Let g(u) = u**3 - 18*u**2 - u - 31. Calculate g(18).
-49
Let g(v) = 17*v + 109. Calculate g(-7).
-10
Let h(t) = 2*t + 48. Determine h(-29).
-10
Let r(b) = -b**3 + b**2 + 23. Determine r(0).
23
Let w(u) = u**3 - 31*u**2 - 34*u + 66. Calculate w(32).
2
Let s(h) = -h + 18. Determine s(-9).
27
Let f(l) = 22*l + 4. What is f(2)?
48
Let m(f) = 5*f + 20. Determine m(-3).
5
Let l(g) = -3*g**3 - g**2 - 5*g - 5. Give l(-1).
2
Let d(g) = -2*g**2 - g - 6. Calculate d(-3).
-21
Let j(z) = 2*z - 28. Give j(17).
6
Let a(n) = n**3 + 7*n**2 - 16*n - 10. What is a(-9)?
-28
Let w(n) = 3*n**2 + 12*n + 15. Give w(-2).
3
Let a(v) = v**3 - v**2 - 5*v - 1. Determine a(-4).
-61
Let f(y) = -229*y + 685. Determine f(3).
-2
Let f(b) = b**2 + 8*b. What is f(0)?
0
Let u(z) = -13*z + 1. Give u(-3).
40
Let u(j) = j**2 + 4*j - 248. Give u(14).
4
Let b(r) = -r**2 + 15*r + 98. What is b(20)?
-2
Let o(b) = 2*b**2 - 9*b + 4. Calculate o(6).
22
Let d(j) = -3*j + 1. Give d(1).
-2
Let a(m) = 47*m + 177. Determine a(-4).
-11
Let c(f) = 7*f. What is c(3)?
21
Let j(q) = 3*q**2 - q + 4. Calculate j(3).
28
Let l(j) = j**3 - 7*j**2 - 8*j - 2. Calculate l(8).
-2
Let a(n) = -3*n**2 - n + 22. Determine a(-5).
-48
Let z(g) = -g**3 + 5*g**2 - 7*g + 7. Calculate z(4).
-5
Let c(j) = -43*j + 171. Give c(5).
-44
Let c(k) = 7*k - 151. Calculate c(23).
10
Let y(s) = -2*s**2 + 16*s + 3. Determine y(11).
-63
Let x(m) = 68*m - 403. Give x(6).
5
Let f(z) = z**3 - z + 1. Calculate f(-2).
-5
Let b(y) = -150*y - 750. Determine b(-5).
0
Let x(y) = 3*y**2 + 3*y + 1. Determine x(-2).
7
Let f(k) = 435*k - 2607. Calculate f(6).
3
Let s(g) = -5*g - 18. What is s(-5)?
7
Let k(v) = 15*v + 152. Give k(-11).
-13
Let f(j) = -j**2 - 12*j - 16. Determine f(-14).
-44
Let b(c) = c**3 - 12*c**2 - 12*c + 6. Determine b(13).
19
Let c(j) = 7*j + 2. Calculate c(2).
16
Let l(i) = -20*i + 40. Give l(2).
0
Let n(d) = -d**3 - 10*d**2 - 9*d - 3. Calculate n(-9).
-3
Let v(z) = -z - 6. What is v(-7)?
1
Let l(c) = -c + 4. Give l(11).
-7
Let j(m) = 10*m + 2. What is j(4)?
42
Let w(d) = 2*d**2 + 4*d - 3. Give w(-4).
13
Let a(o) = -16*o**2. Determine a(2).
-64
Let a(n) = 19*n - 567. Calculate a(30).
3
Let y(u) = 6*u + 17. Determine y(-3).
-1
Let j(b) = 2*b + 10. Calculate j(7).
24
Let y(m) = -m**2 - 2*m - 10. What is y(-6)?
-34
Let q(b) = 8*b + 7. Calculate q(6).
55
Let q(a) = 49*a - 147. Give q(3).
0
Let d(q) = -2*q**2 - 57*q + 23. Determine d(-29).
-6
Let n(a) = 3*a**3 + 4*a**2 + 3*a. What is n(-2)?
-14
Let k(s) = -12*s + 5. Give k(3).
-31
Let x(p) = 4*p + 24. What is x(-13)?
-28
Let a(i) = i**3 - 15*i**2 - 14*i - 34. Calculate a(16).
-2
Let q(i) = -13*i - 11. Calculate q(1).
-24
Let g(m) = m**2 + 15*m + 12. Calculate g(-8).
-44
Let f(n) = 2*n**2 + 19*n - 5. Calculate f(-9).
-14
Let s(p) = -p**3 + 12*p**2 + 15*p + 2. Determine s(13).
28
Let a(r) = r**2 + 7*r + 15. What is a(-7)?
15
Let c(x) = x**3 + 11*x**2 - 11*x + 3. Give c(-12).
-9
Let w(g) = 6*g**2 + 37*g + 12. What is w(-6)?
6
Let h(s) = -14*s**2 + 333*s + 72. Determine h(24).
0
Let c(i) = -i**2 - 13*i - 6. What is c(-9)?
30
Let l(v) = 21*v + 91. Determine l(-7).
-56
Let b(i) = -i**3 - i**2 + 2*i + 4. Determine b(-3).
16
Let n(d) = -d**3 + 2*d**2 + d + 6. What is n(3)?
0
Let t(j) = 7*j**2 + 7*j + 18. Give t(-2).
32
Let o(m) = -38*m + 149. Determine o(4).
-3
Let y(p) = 14*p**2 + 1. What is y(-1)?
15
Let z(m) = m**3 - 22*m**2 + 45*m + 34. Calculate z(20).
134
Let w(q) = -q**3 - 12*q**2 - 22*q - 13. Give w(-10).
7
Let g(s) = 4*s - 5. Calculate g(5).
15
Let h(a) = 4*a + 42. Calculate h(0).
42
Let q(b) = -2*b + 12. Determine q(6).
0
Let d(o) = -o**3 - 13*o**2 - 18*o + 14. Determine d(-12).
86
Let z(g) = -12*g - 33. What is z(-3)?
3
Let r(f) = -f**2 - 35*f - 281. Determine r(-23).
-5
Let n(m) = m**2 - 5*m. Calculate n(4).
-4
Let o(t) = 5*t - 12. Determine o(4).
8
Let w(z) = 6*z + 25. What is w(-5)?
-5
Let o(y) = -26*y + 97. What is o(4)?
-7
Let i(f) = f**2 + 4. What is i(-3)?
13
Let v(u) = -u**3 + 8*u**2 - 10*u - 8. Give v(6).
4
Let h(f) = -f**3 - 4*f**2 - f + 3. What is h(-4)?
7
Let r(j) = 2*j + 27. What is r(21)?
69
Let x(z) = -2*z**3 - 5*z**2 - 3*z - 3. Calculate x(-3).
15
Let l(o) = o**2 + 3*o - 6. What is l(4)?
22
Let l(t) = -t + 16. What is l(7)?
9
Let x(c) = c**3 - 41*c**2 - 43*c + 42. Give x(42).
0
Let j(u) = 2*u**2 - u - 21. Determine j(0).
-21
Let l(x) = -x**3 + 15*x**2 + 22*x - 34. What is l(16)?
62
Let l(w) = w**3 - w**2 - 2*w + 4. Calculate l(0).
4
Let g(y) = -4*y + 91. Calculate g(29).
-25
Let n(y) = -y**2 - 3*y + 1. Determine n(-5).
-9
Let l(s) = -s**3 + 20*s**2 - 20*s + 22. Calculate l(19).
3
Let c(v) = -v - 3. Determine c(-1).
-2
Let j(r) = -6*r + 17. Give j(-6).
53
Let i(t) = -15*t**3 + 2*t**2 - t + 1. Give i(2).
-113
Let u(g) = -8*g**2 - 7*g + 16. Calculate u(-5).
-149
Let q(h) = 3*h + 4. Give q(3).
13
Let t(z) = -z + 16. Calculate t(25).
-9
Let n(k) = k**2 - 9*k - 2. Give n(-6).
88
Let v(j) = -j**3 + 36*j**2 - 72*j + 137. What is v(34)?
1
Let h(r) = -r**3 + 10*r**2 - 9*r - 8. Calculate h(8).
48
Let x(s) = -2*s**2 - 6*s + 4. Calculate x(0).
4
Let q(n) = -2*n**3 + 6*n**2 - n - 12. Determine q(5).
-117
Let b(g) = -g**2 - 9*g + 15. Calculate b(-10).
5
Let w(t) = t**3 - t**2 - t + 3. Calculate w(0).
3
Let a(d) = -d**2 - 12*d - 14. Calculate a(-11).
-3
Let q(j) = -2*j**2 - 18*j - 11. Give q(-8).
5
Let n(l) = l**2 - 29*l + 55. Determine n(27).
1
Let x(v) = 8*v - 5. Calculate x(8).
59
Let y(b) = b**2 + 15*b + 43. Determine y(-19).
119
Let k(g) = 20*g - 231. Determine k(11).
-11
Let d(q) = -15*q + 26. Calculate d(1).
11
Let a(m) = 3*m + 7. Determine a(-3).
-2
Let m(c) = -c**2 - 8*c + 17. What is m(-9)?
8
Let k(q) = -29*q + 240. Determine k(8).
8
Let j(y) = -7*y - 21. Give j(-12).
63
Let i(y) = -y**2 + 4*y + 39. Determine i(0).
39
Let r(d) = d**3 + 4*d**2 - 12*d - 15. Give r(-6).
-15
Let m(w) = -w**3 - 9*w**2 - 14. Calculate m(-10).
86
Let i(o) = o**2 - o - 30. Give i(-5).
0
Let z(c) = c**2 + 20*c + 5. Calculate z(-20).
5
Let i(q) = -q**3 + 25*q**2 - 47*q + 38. Give i(23).
15
Let v(l) = -2*l**3 - 31*l**2 - 16*l - 17. Calculate v(-15).
-2
Let u(k) = -3*k**2 - 5*k + 20. Give u(-6).
-58
Let n(r) = -r**3 + 6*r**2 + 2*r + 35. Give n(7).
0
Let t(z) = z**2 - 5*z. Determine t(5).
0
Let l(d) = -3*d + 1. What is l(5)?
-14
Let d(y) = y**3 - 4*y**2 - 4*y - 8. Calculate d(5).
-3
Let v(w) = 76*w - 80. Calculate v(1).
-4
Let j(i) = -4*i + 34. What is j(6)?
10
Let d(v) = -v**2 - 8*v - 10. Give d(-3).
5
Let i(y) = -26*y - 620. Determine i(-24).
4
Let w(p) = -p**2 + 13*p + 38. Determine w(16).
-10
Let l(w) = -w**3 + 4*w**2 - 2*w - 4. Calculate l(3).
-1
Let v(o) = -14*o**2 - 16*o - 1. Determine v(-3).
-79
Let s(i) = 12*i + 31. Calculate s(0).
31
Let x(y) = -y**3 - 12*y**2 + 2*y + 14. Determine x(-12).
-10
Let s(f) = -f**3 + 2*f**2 + 57*f - 15. Determine s(-7).
27
Let b(o) = o**2 + 11*o + 25. Give b(-8).
1
Let p(w) = w**3 - 8*w**2 - 18*w. What is p(10)?
20
Let o(i) = -207*i**2 + 4*i. Calculate o(-1).
-211
Let x(d) = d**2 - 12*d + 3. Calculate x(18).
111
Let r(y) = 5*y - 67. Determine r(17).
18
Let b(v) = 76*v**2 + v. Give b(1).
77
Let l(p) = p**3 - 2*p - 1. Determine l(2).
3
Let k(z) = -16*z - 8. Determine k(-6).
88
Let s(g) = -g**2 - 10*g - 23. Give s(-5).
2
Let c(v) = -v**3 - v**2 + 10*v - 68. Give c(0).
-68
Let i(z) = -z**3 - 11*z**2 + z + 11. Determine i(-11).
0
Let r(z) = z**2 - 16*z + 1. Determine r(9).
-62
Let a(j) = 24*j + 101. Determine a(-4).
5
Let n(k) 